d by 2655.
18
Calculate the remainder when 11681 is divided by 300.
281
Calculate the remainder when 6001 is divided by 5782.
219
What is the remainder when 154035 is divided by 590?
45
What is the remainder when 19648 is divided by 43?
40
Calculate the remainder when 53917 is divided by 760.
717
What is the remainder when 610495 is divided by 203495?
10
What is the remainder when 289364 is divided by 77?
75
What is the remainder when 220417 is divided by 335?
322
Calculate the remainder when 314 is divided by 26.
2
Calculate the remainder when 16072 is divided by 6.
4
What is the remainder when 149889 is divided by 6813?
3
What is the remainder when 9462 is divided by 841?
211
Calculate the remainder when 379167 is divided by 18.
15
Calculate the remainder when 5808 is divided by 35.
33
What is the remainder when 48806 is divided by 33?
32
What is the remainder when 162090 is divided by 2315?
40
Calculate the remainder when 162 is divided by 41.
39
What is the remainder when 800 is divided by 128?
32
What is the remainder when 9021 is divided by 215?
206
What is the remainder when 755 is divided by 4?
3
Calculate the remainder when 4023681 is divided by 9.
6
Calculate the remainder when 16648 is divided by 829.
68
What is the remainder when 468298 is divided by 234148?
2
Calculate the remainder when 2283 is divided by 126.
15
Calculate the remainder when 426587 is divided by 139.
135
Calculate the remainder when 1880 is divided by 311.
14
What is the remainder when 449533 is divided by 845?
838
Calculate the remainder when 13799 is divided by 8.
7
What is the remainder when 2832 is divided by 217?
11
What is the remainder when 3420 is divided by 183?
126
What is the remainder when 193537 is divided by 11?
3
Calculate the remainder when 938 is divided by 261.
155
Calculate the remainder when 102294 is divided by 53.
4
Calculate the remainder when 197026 is divided by 24628.
2
What is the remainder when 2640 is divided by 294?
288
What is the remainder when 43463 is divided by 483?
476
What is the remainder when 644 is divided by 499?
145
What is the remainder when 233537 is divided by 849?
62
What is the remainder when 41852 is divided by 66?
8
What is the remainder when 3855916 is divided by 247?
246
What is the remainder when 59802 is divided by 443?
440
What is the remainder when 38554 is divided by 10?
4
Calculate the remainder when 22531 is divided by 111.
109
What is the remainder when 88446 is divided by 8834?
106
What is the remainder when 14502 is divided by 28?
26
Calculate the remainder when 33864 is divided by 14.
12
Calculate the remainder when 48093 is divided by 144.
141
What is the remainder when 3055 is divided by 83?
67
What is the remainder when 18312 is divided by 9151?
10
What is the remainder when 4421 is divided by 440?
21
What is the remainder when 2757 is divided by 49?
13
What is the remainder when 21213 is divided by 544?
541
Calculate the remainder when 236916 is divided by 10.
6
What is the remainder when 7887 is divided by 773?
157
What is the remainder when 7207 is divided by 2401?
4
Calculate the remainder when 205084 is divided by 121.
110
Calculate the remainder when 591 is divided by 140.
31
Calculate the remainder when 16583 is divided by 3939.
827
Calculate the remainder when 35 is divided by 6.
5
What is the remainder when 2713 is divided by 15?
13
Calculate the remainder when 85279 is divided by 80.
79
What is the remainder when 17786 is divided by 523?
4
Calculate the remainder when 1841 is divided by 289.
107
What is the remainder when 21268 is divided by 788?
780
Calculate the remainder when 7641 is divided by 450.
441
Calculate the remainder when 10650 is divided by 280.
10
What is the remainder when 109058 is divided by 3635?
8
What is the remainder when 316 is divided by 65?
56
What is the remainder when 14218 is divided by 1774?
26
What is the remainder when 157110 is divided by 99?
96
What is the remainder when 6257 is divided by 3090?
77
Calculate the remainder when 5331 is divided by 447.
414
What is the remainder when 542 is divided by 453?
89
What is the remainder when 6780 is divided by 219?
210
What is the remainder when 13208 is divided by 287?
6
Calculate the remainder when 754025 is divided by 48.
41
Calculate the remainder when 4544 is divided by 310.
204
Calculate the remainder when 17651 is divided by 97.
94
What is the remainder when 9588 is divided by 16?
4
What is the remainder when 3246 is divided by 49?
12
Calculate the remainder when 7381 is divided by 722.
161
What is the remainder when 5191 is divided by 269?
80
Calculate the remainder when 450991 is divided by 172.
7
Calculate the remainder when 51900 is divided by 123.
117
Calculate the remainder when 21112 is divided by 358.
348
What is the remainder when 443402 is divided by 134?
130
Calculate the remainder when 93904 is divided by 93873.
31
What is the remainder when 5861 is divided by 195?
11
What is the remainder when 1794169 is divided by 355?
354
What is the remainder when 3717 is divided by 23?
14
Calculate the remainder when 17037 is divided by 30.
27
What is the remainder when 264941 is divided by 358?
21
What is the remainder when 6391 is divided by 3189?
13
Calculate the remainder when 78913 is divided by 258.
223
Calculate the remainder when 86054 is divided by 47.
44
Calculate the remainder when 28466 is divided by 3140.
206
Calculate the remainder when 8089 is divided by 719.
180
What is the remainder when 1142101 is divided by 778?
775
Calculate the remainder when 2538 is divided by 460.
238
Calculate the remainder when 54224 is divided by 6777.
8
Calculate the remainder when 233701 is divided by 1731.
16
What is the remainder when 5883 is divided by 2918?
47
What is the remainder when 1039 is divided by 197?
54
Calculate the remainder when 29332 is divided by 229.
20
Calculate the remainder when 107062 is divided by 142.
136
What is the remainder when 31027 is divided by 36?
31
Calculate the remainder when 289818 is divided by 21.
18
What is the remainder when 8538 is divided by 2647?
597
Calculate the remainder when 846 is divided by 21.
6
What is the remainder when 335 is divided by 195?
140
Calculate the remainder when 2551 is divided by 128.
119
Calculate the remainder when 51590 is divided by 17196.
2
Calculate the remainder when 5421 is divided by 188.
157
What is the remainder when 5407 is divided by 2602?
203
Calculate the remainder when 4195 is divided by 41.
13
Calculate the remainder when 27672 is divided by 9.
6
What is the remainder when 183081 is divided by 91540?
1
Calculate the remainder when 16535 is divided by 4129.
19
Calculate the remainder when 12626 is divided by 6302.
22
Calculate the remainder when 37445 is divided by 337.
38
What is the remainder when 2918 is divided by 217?
97
What is the remainder when 3488 is divided by 3488?
0
Calculate the remainder when 3210 is divided by 169.
168
What is the remainder when 3970 is divided by 420?
190
Calculate the remainder when 3108299 is divided by 1300.
1299
What is the remainder when 3441 is divided by 1717?
7
Calculate the remainder when 672204 is divided by 1220.
1204
What is the remainder when 15075 is divided by 10?
5
Calculate the remainder when 11380 is divided by 11379.
1
What is the remainder when 21524 is divided by 552?
548
Calculate the remainder when 3747 is divided by 92.
67
What is the remainder when 777 is divided by 418?
359
What is the remainder when 29478 is divided by 25?
3
Calculate the remainder when 385 is divided by 133.
119
What is the remainder when 229722 is divided by 533?
532
Calculate the remainder when 8497 is divided by 8488.
9
What is the remainder when 755 is divided by 280?
195
Calculate the remainder when 3096 is divided by 849.
549
What is the remainder when 20295 is divided by 5071?
11
What is the remainder when 60121 is divided by 60104?
17
What is the remainder when 126161 is divided by 86?
85
What is the remainder when 87493 is divided by 29159?
16
What is the remainder when 113689 is divided by 646?
639
What is the remainder when 8294 is divided by 556?
510
What is the remainder when 13958 is divided by 26?
22
What is the remainder when 2077 is divided by 24?
13
Calculate the remainder when 1619